{"id":1888,"date":"2019-01-16T15:49:31","date_gmt":"2019-01-16T14:49:31","guid":{"rendered":"http:\/\/dom-glina.hr\/?page_id=1888"},"modified":"2026-04-22T08:06:57","modified_gmt":"2026-04-22T06:06:57","slug":"propisi","status":"publish","type":"page","link":"https:\/\/dom-glina.hr\/?page_id=1888","title":{"rendered":"Propisi"},"content":{"rendered":"<p style=\"text-align: justify;\"><strong><em>Zakoni, propisi, pravilnici<\/em><\/strong><\/p>\n<ul style=\"text-align: justify;\">\n<li>Zakon o socijalnoj skrbi (NN br. 157\/13, 152\/14, 99\/15, 52\/16, 16\/17, 130,17)<\/li>\n<li><span style=\"text-decoration: underline; color: #3366ff;\"><em><a style=\"color: #3366ff; text-decoration: underline;\" href=\"https:\/\/dom-glina.hr\/wp-content\/uploads\/2024\/10\/PRAVILNIK-O-UNUTARNJEM-USTROJU-I-SISTEMATIZACIJI-POSLOVA.pdf\">PRAVILNIK O UNUTARNJEM USTROJU I SISTEMATIZACIJI POSLOVA<\/a><\/em><\/span>&nbsp;(pdf)<\/li>\n<li>Pravilnik o minimalnim uvjetima za pru\u017eanje socijalnih usluga (NN br. 40\/14, 66\/15)<\/li>\n<li>Pravilnik o vo\u0111enju evidencije i dokumentacije pru\u017eatelja socijalnih usluga te na\u010dinu i rokovima za dostavu izvje\u0161\u0107a (NN br. 47\/02, 57\/11, 33\/12, 157\/13, 100\/15)<\/li>\n<li>Pravilnik o standardima kvalitete socijalnih usluga (NN br. 143\/14)<\/li>\n<li>Pravilnika o uvjetima i na\u010dinu obavljanja mjera za spre\u010davanje i suzbijanje bolni\u010dkih infekcija (\u201eNarodne novine\u201c, broj 85\/12 i 129\/13)<\/li>\n<li>Pravilnik o sadr\u017eaju i obliku iskaznice stru\u010dnih radnika u ustanovi socijalne skrbi i drugoj pravnoj osobi koja pru\u017ea socijalne usluge (NN br. 66\/15)<\/li>\n<li>Pravilnik o razini, odgovaraju\u0107em zvanju, uvjetima i na\u010dinu napredovanja stru\u010dnih radnika u djelatnosti socijalne skrbi (NN br. 66\/15)<\/li>\n<li>Pravilnik o za\u0161titi na radu Doma za starije osobe Glina<\/li>\n<li>Pravilnik o za\u0161titi od po\u017eara Doma za starije osobe Glina<\/li>\n<li><span style=\"text-decoration: underline; color: #3366ff;\"><em><span style=\"color: #3366ff;\"><a style=\"color: #3366ff; text-decoration: underline;\" href=\"https:\/\/dom-glina.hr\/wp-content\/uploads\/2026\/03\/PRAVILNIK-O-PRIJMU-I-OTPUSTU-KORISNIKA-DOMA_.pdf\">PRAVILNIK O PRIJMU I OTPUSTU KORISNIKA DOMA_<\/a><\/span><\/em><\/span>&nbsp;(pdf)<\/li>\n<li>Pravilnik o unutarnjem nadzoru Doma za starije osobe Glina<\/li>\n<li>Pravilnik o ku\u0107nom redu Doma za starije osobe Glina<\/li>\n<li><span style=\"text-decoration: underline; color: #3366ff;\"><em><a style=\"color: #3366ff; text-decoration: underline;\" href=\"http:\/\/dom-glina.hr\/wp-content\/uploads\/2020\/10\/Pravilnik-o-zastiti-osobnih-podataka.pdf\">Pravilnik o za\u0161titi osobnih podataka<\/a><\/em><\/span>&nbsp;(pdf)<\/li>\n<li>Pravilnik o osobnim za\u0161titnim sredstvima i opremi Doma za starije osobe Glina<\/li>\n<li>Pravilnik o provedbi postupka jednostavne nabave Doma za starije osobe Glina<\/li>\n<li>Pravilnik o postupanju s kratkotrajnom i dugotrajnom imovinom i popisu imovine Doma za starije osobe Glina<\/li>\n<li>Pravilnik o za\u0161titi i obradi arhivskog gradiva Doma za starije osobe Glina<\/li>\n<li><span style=\"text-decoration: underline; color: #3366ff;\"><em><span style=\"color: #3366ff;\"><a style=\"color: #3366ff; text-decoration: underline;\" href=\"https:\/\/dom-glina.hr\/wp-content\/uploads\/2026\/04\/PRAVILNIK-O-KORISTENJU-SUSTAVA-VIDEO-NADZORA_.pdf\">PRAVILNIK O KORISTENJU SUSTAVA VIDEO NADZORA_<\/a><\/span><\/em><\/span>&nbsp;(pdf)<\/li>\n<li><span style=\"text-decoration: underline; color: #3366ff;\"><em><a style=\"color: #3366ff; text-decoration: underline;\" href=\"http:\/\/dom-glina.hr\/wp-content\/uploads\/2020\/01\/Pravilnik-o-kucnom-redu-Doma-za-starije-osobe-Glina.pdf\" target=\"_blank\" rel=\"noopener\">Pravilnik o kucnom redu Doma za starije osobe Glina<\/a><\/em><\/span>&nbsp;(pdf)<\/li>\n<li><span style=\"text-decoration: underline; color: #3366ff;\"><em><a style=\"color: #3366ff; text-decoration: underline;\" href=\"https:\/\/dom-glina.hr\/wp-content\/uploads\/2018\/07\/Pravilnik-o-provedbi-postupka-jednostavne-nabave.pdf\">Pravilnik o provedbi postupka jednostavne nabave<\/a><\/em><\/span>&nbsp;(pdf)<\/li>\n<li><span style=\"text-decoration: underline; color: #3366ff;\"><em><a style=\"color: #3366ff; text-decoration: underline;\" href=\"https:\/\/dom-glina.hr\/wp-content\/uploads\/2024\/02\/Pravilnik-o-postupku-unutranjeg-prijavljivanja-nepravilnosti.pdf\">Pravilnik o postupku unutranjeg prijavljivanja nepravilnosti<\/a><\/em><\/span>&nbsp;(pdf)<\/li>\n<li><a href=\"https:\/\/dom-glina.hr\/wp-content\/uploads\/2024\/03\/ETICKI-KODEKS-RADNIKA-DOMA-ZA-STARIJE-OSOBE-GLINA.pdf\"><span style=\"text-decoration: underline; color: #3366ff;\"><em>ETICKI KODEKS RADNIKA DOMA ZA STARIJE OSOBE GLINA<\/em><\/span><\/a>&nbsp;(pdf)<\/li>\n<li><a href=\"https:\/\/dom-glina.hr\/wp-content\/uploads\/2024\/03\/PRAVILNIK-O-KORISTENJU-SLUZBENIH-VOZILA.pdf\"><span style=\"text-decoration: underline; color: #3366ff;\"><em>PRAVILNIK O KORISTENJU SLUZBENIH VOZILA<\/em><\/span><\/a>&nbsp;(pdf)<\/li>\n<li><span style=\"text-decoration: underline; color: #3366ff;\"><em><a style=\"color: #3366ff; text-decoration: underline;\" href=\"https:\/\/dom-glina.hr\/wp-content\/uploads\/2024\/03\/PRAVILNIK-O-KUCNOM-REDU-DOMA.pdf\">PRAVILNIK O KUCNOM REDU DOMA<\/a><\/em><\/span>&nbsp;(pdf)<\/li>\n<li><a href=\"https:\/\/dom-glina.hr\/wp-content\/uploads\/2024\/03\/PRAVILNIK-O-NACINU-KORISTENJA-NENAMJENSKIH-DONACIJA.pdf\"><span style=\"text-decoration: underline; color: #3366ff;\"><em>PRAVILNIK O NACINU KORISTENJA NENAMJENSKIH DONACIJA<\/em><\/span><\/a>&nbsp;(pdf)<\/li>\n<li><a href=\"https:\/\/dom-glina.hr\/wp-content\/uploads\/2024\/03\/PRAVILNIK-O-NACINU-KORISTENJA-VLASTITIH-PRIHODA.pdf\"><span style=\"text-decoration: underline; color: #3366ff;\"><em>PRAVILNIK O NACINU KORISTENJA VLASTITIH PRIHODA<\/em><\/span><\/a>&nbsp;(pdf)<\/li>\n<li><span style=\"text-decoration: underline; color: #3366ff;\"><em><a style=\"color: #3366ff; text-decoration: underline;\" href=\"https:\/\/dom-glina.hr\/wp-content\/uploads\/2024\/03\/PRAVILNIK-O-OSOBNIM-I-ZASTITNIM-SREDSTVIMA-I-OPREMI.pdf\">PRAVILNIK O OSOBNIM I ZASTITNIM SREDSTVIMA I OPREMI<\/a><\/em><\/span>&nbsp;(pdf)<\/li>\n<li><a href=\"https:\/\/dom-glina.hr\/wp-content\/uploads\/2024\/03\/PRAVILNIK-O-POSTUPKU-UNUTARNJEG-PRIJAVLJIVANJA-NEPRAVILNOSTI-I-IMENOVANJA-POVJERLJIVE-OSOBE.pdf\"><span style=\"text-decoration: underline; color: #3366ff;\"><em>PRAVILNIK O POSTUPKU UNUTARNJEG PRIJAVLJIVANJA NEPRAVILNOSTI I IMENOVANJA POVJERLJIVE OSOBE<\/em><\/span><\/a>&nbsp;(pdf)<\/li>\n<li><a href=\"https:\/\/dom-glina.hr\/wp-content\/uploads\/2024\/03\/PRAVILNIK-O-PRIJMU-I-OTPUSTU-KORISNIKA-DOMA.pdf\"><span style=\"text-decoration: underline; color: #3366ff;\"><em>PRAVILNIK O PRIJMU I OTPUSTU KORISNIKA DOMA<\/em><\/span><\/a>&nbsp;(pdf)<\/li>\n<li><span style=\"text-decoration: underline; color: #3366ff;\"><em><a style=\"color: #3366ff; text-decoration: underline;\" href=\"https:\/\/dom-glina.hr\/wp-content\/uploads\/2024\/03\/PRAVILNIK-O-STRUCNOM-USAVRSAVANJU-I-OSPOSOBLJAVANJU-RADNIKA.pdf\">PRAVILNIK O STRUCNOM USAVRSAVANJU I OSPOSOBLJAVANJU RADNIKA<\/a><\/em><\/span>&nbsp;(pdf)<\/li>\n<li><a href=\"https:\/\/dom-glina.hr\/wp-content\/uploads\/2024\/03\/PRAVILNIK-O-UNUTARNJEM-NADZORU.pdf\"><span style=\"text-decoration: underline; color: #3366ff;\"><em>PRAVILNIK O UNUTARNJEM NADZORU<\/em><\/span><\/a>&nbsp;(pdf)<\/li>\n<li><a href=\"https:\/\/dom-glina.hr\/wp-content\/uploads\/2024\/03\/PRAVILNIK-O-ZASTITI-OSOBNIH-PODATAKA.pdf\"><span style=\"text-decoration: underline; color: #3366ff;\"><em>PRAVILNIK O ZASTITI OSOBNIH PODATAKA<\/em><\/span><\/a>&nbsp;(pdf)<\/li>\n<li><span style=\"text-decoration: underline; color: #3366ff;\"><em><a style=\"color: #3366ff; text-decoration: underline;\" href=\"https:\/\/dom-glina.hr\/wp-content\/uploads\/2024\/09\/PRAVILNIK-O-RADU-DOMA-ZA-STARIJE-OSOBE-GLINA.pdf\">PRAVILNIK O RADU DOMA ZA STARIJE OSOBE GLINA<\/a><\/em><\/span>&nbsp;(pdf)<\/li>\n<li><span style=\"text-decoration: underline; color: #3366ff;\"><em><a style=\"color: #3366ff; text-decoration: underline;\" href=\"https:\/\/dom-glina.hr\/wp-content\/uploads\/2025\/11\/PRAVILNIK-O-TESTIRANJU-NA-ALKOHOL-DROGE-I-DRUGA-SREDSTVA-OVISNOSTI.pdf\">PRAVILNIK O TESTIRANJU NA ALKOHOL DROGE I DRUGA SREDSTVA OVISNOSTI<\/a><\/em><\/span>&nbsp;(pdf)<\/li>\n<li><a href=\"https:\/\/dom-glina.hr\/wp-content\/uploads\/2025\/11\/PRAVILNIK-O-ZASTITI-OD-POZARA.pdf\"><span style=\"text-decoration: underline; color: #3366ff;\"><em>PRAVILNIK O ZASTITI OD POZARA<\/em><\/span><\/a>&nbsp;(pdf)<\/li>\n<li><span style=\"text-decoration: underline; color: #3366ff;\"><em><a style=\"color: #3366ff; text-decoration: underline;\" href=\"https:\/\/dom-glina.hr\/wp-content\/uploads\/2025\/04\/IZMJENE-I-DOPUNE-PRAVILNIKA-O-RADU.pdf\">IZMJENE I DOPUNE PRAVILNIKA O RADU<\/a><\/em><\/span>&nbsp;(pdf)<\/li>\n<li><span style=\"text-decoration: underline; color: #3366ff;\"><em><a style=\"color: #3366ff; text-decoration: underline;\" href=\"https:\/\/dom-glina.hr\/wp-content\/uploads\/2024\/09\/PRAVILA-ZA-UPRAVLJANJE-DOKUMENTARNIM-GRADIVOM-DOMA.pdf\">PRAVILA ZA UPRAVLJANJE DOKUMENTARNIM GRADIVOM DOMA<\/a><\/em><\/span>&nbsp;(pdf)<\/li>\n<li><a href=\"https:\/\/dom-glina.hr\/wp-content\/uploads\/2025\/10\/PROTOKOL-U-IZLASKU-KORISNIKA-VAN-USTANOVE.pdf\"><span style=\"text-decoration: underline; color: #3366ff;\"><em>PROTOKOL U IZLASKU KORISNIKA VAN USTANOVE<\/em><\/span><\/a>&nbsp;(pdf)<\/li>\n<li><a href=\"https:\/\/dom-glina.hr\/wp-content\/uploads\/2025\/10\/PROTOKOL-O-ORGANIZACIJI-POSJETE-KORISNICIMA-DOMA-.pdf\"><span style=\"text-decoration: underline; color: #3366ff;\"><em>PROTOKOL O ORGANIZACIJI POSJETE KORISNICIMA DOMA<\/em><\/span><\/a>&nbsp;(pdf)<\/li>\n<li><a href=\"https:\/\/dom-glina.hr\/wp-content\/uploads\/2025\/10\/PROTOKOL-O-PRIJMU-NOVIH-KORISNIKA.pdf\"><span style=\"text-decoration: underline; color: #3366ff;\"><em>PROTOKOL O PRIJMU NOVIH KORISNIKA<\/em><\/span><\/a>&nbsp;(pdf)<\/li>\n<li><span style=\"text-decoration: underline; color: #3366ff;\"><em><a style=\"color: #3366ff; text-decoration: underline;\" href=\"https:\/\/dom-glina.hr\/wp-content\/uploads\/2025\/10\/PROTOKOL-U-SLUCAJU-BIJEGA-KORISNIKA-.pdf\">PROTOKOL U SLUCAJU BIJEGA KORISNIKA<\/a><\/em><\/span>&nbsp;(pdf)<\/li>\n<li><span style=\"text-decoration: underline; color: #3366ff;\"><em><a style=\"color: #3366ff; text-decoration: underline;\" href=\"https:\/\/dom-glina.hr\/wp-content\/uploads\/2025\/10\/PROTOKOL-O-UPRAVLJANJU-NOVCEM-I-STVARIMA-KORISNIK.pdf\">PROTOKOL O UPRAVLJANJU NOVCEM I STVARIMA KORISNIKA<\/a><\/em><\/span>&nbsp;(pdf)<\/li>\n<li><span style=\"color: #3366ff;\"><a style=\"color: #3366ff;\" href=\"https:\/\/dom-glina.hr\/wp-content\/uploads\/2025\/10\/PROTOKOL-O-DOSTUPNOSTI-PODATAKA-I-DOKUMENTACIJE-KO.pdf\"><span style=\"text-decoration: underline;\"><em>PROTOKOL O DOSTUPNOSTI PODATAKA I DOKUMENTACIJE KORISNIKA<\/em><\/span><\/a><\/span>&nbsp;(pdf)<\/li>\n<li><span style=\"text-decoration: underline; color: #3366ff;\"><em><a style=\"color: #3366ff; text-decoration: underline;\" href=\"https:\/\/dom-glina.hr\/wp-content\/uploads\/2025\/10\/PROTOKOL-U-SLUCAJU-ZALBI-PRIGOVORA-I-PRITUZBI.pdf\">PROTOKOL U SLU\u010cAJU ZALBI PRIGOVORA I PRITUZBI<\/a><\/em><\/span>&nbsp;(pdf)<\/li>\n<li><a href=\"https:\/\/dom-glina.hr\/wp-content\/uploads\/2025\/10\/PROTOKOL-KAD-KORISNIK-ODBIJA-SURADJIVATI.pdf\"><span style=\"text-decoration: underline; color: #3366ff;\"><em>PROTOKOL KAD KORISNIK ODBIJA SURADJIVATI<\/em><\/span><\/a>&nbsp;(pdf)<\/li>\n<li><span style=\"text-decoration: underline; color: #3366ff;\"><em><a style=\"color: #3366ff; text-decoration: underline;\" href=\"https:\/\/dom-glina.hr\/wp-content\/uploads\/2025\/10\/PROTOKOL-U-SLUcAJU-NASILJA-DJELATNIKA-PREMA-KORISNIKU.pdf\">PROTOKOL U SLUCAJU NASILJA DJELATNIKA PREMA KORISNIKU<\/a><\/em><\/span>&nbsp;(pdf)<\/li>\n<li><span style=\"text-decoration: underline; color: #3366ff;\"><em><a style=\"color: #3366ff; text-decoration: underline;\" href=\"https:\/\/dom-glina.hr\/wp-content\/uploads\/2025\/10\/PROTOKOL-U-SLUcAJU-SEKSUALNOG-NASILJA-.pdf\">PROTOKOL U SLUCAJU SEKSUALNOG NASILJA<\/a><\/em><\/span>&nbsp;(pdf)<\/li>\n<li><a href=\"https:\/\/dom-glina.hr\/wp-content\/uploads\/2025\/10\/PROTOKOL-U-SLUCAJU-FIZICKOG-NASILJA-KORISNIKA-PREMA-DJELATNIKU.pdf\"><span style=\"text-decoration: underline; color: #3366ff;\"><em>PROTOKOL U SLUCAJU FIZICKOG NASILJA KORISNIKA PREMA DJELATNIKU<\/em><\/span><\/a>&nbsp;(pdf)<\/li>\n<li><span style=\"text-decoration: underline; color: #3366ff;\"><em><a style=\"color: #3366ff; text-decoration: underline;\" href=\"https:\/\/dom-glina.hr\/wp-content\/uploads\/2025\/10\/PROTOKOL-U-SLUCAJU-FIZICKOG-NASILJA-MEDJU-KORISNICI.pdf\">PROTOKOL U SLUCAJU FIZICKOG NASILJA MEDJU KORISNICI<\/a>&nbsp;<\/em><\/span>(pdf)<\/li>\n<li><a href=\"https:\/\/dom-glina.hr\/wp-content\/uploads\/2025\/10\/PROTOKOL-O-POSTUPANJU-U-SLUCAJU-VERBALNOG-NASILJA-.pdf\"><span style=\"text-decoration: underline; color: #3366ff;\"><em>PROTOKOL O POSTUPANJU U SLUCAJU VERBALNOG NASILJA<\/em><\/span><\/a>&nbsp;(pdf)<\/li>\n<li><a href=\"https:\/\/dom-glina.hr\/wp-content\/uploads\/2025\/10\/PROTOKOL-O-SUKOBU-MEDJU-RADNICIMA-.pdf\"><span style=\"text-decoration: underline; color: #3366ff;\"><em>PROTOKOL O SUKOBU MEDJU RADNICIMA<\/em><\/span><\/a>&nbsp;(pdf)<\/li>\n<li><span style=\"text-decoration: underline; color: #3366ff;\"><em><a style=\"color: #3366ff; text-decoration: underline;\" href=\"https:\/\/dom-glina.hr\/wp-content\/uploads\/2025\/10\/PROTOKOL-O-CUVANJU-I-DAVANJU-LJEKOVA-KORISNICIMA-.pdf\">PROTOKOL O CUVANJU I DAVANJU LJEKOVA KORISNICIMA<\/a><\/em><\/span>&nbsp;(pdf)<\/li>\n<li><a href=\"https:\/\/dom-glina.hr\/wp-content\/uploads\/2025\/10\/PROTOKOL-O-PRUZANJU-PRVE-POMOCI-.pdf\"><span style=\"text-decoration: underline; color: #3366ff;\"><em>PROTOKOL O PRUZANJU PRVE POMO\u0106I<\/em><\/span><\/a>&nbsp;(pdf)<\/li>\n<li><span style=\"text-decoration: underline; color: #3366ff;\"><em><a style=\"color: #3366ff; text-decoration: underline;\" href=\"https:\/\/dom-glina.hr\/wp-content\/uploads\/2025\/10\/PROTOKOL-O-OGRANIZIRANIM-IZLASCIMA-KORISNIKA-.pdf\">PROTOKOL O OGRANIZIRANIM IZLASCIMA KORISNIKA<\/a><\/em><\/span>&nbsp;(pdf)<\/li>\n<li><span style=\"text-decoration: underline; color: #3366ff;\"><em><a style=\"color: #3366ff; text-decoration: underline;\" href=\"https:\/\/dom-glina.hr\/wp-content\/uploads\/2025\/10\/PROCEDURA-O-RADU-SKLADISTA-.pdf\">PROCEDURA O RADU SKLADISTA<\/a><\/em><\/span>&nbsp;(pdf)<\/li>\n<li>drugi propisi<\/li>\n<\/ul>\n<p style=\"text-align: justify;\">&nbsp;<\/p>\n","protected":false},"excerpt":{"rendered":"<p>Zakoni, propisi, pravilnici Zakon o socijalnoj skrbi (NN br. 157\/13, 152\/14, 99\/15, 52\/16, 16\/17, 130,17) PRAVILNIK O UNUTARNJEM USTROJU I SISTEMATIZACIJI POSLOVA&nbsp;(pdf) Pravilnik o minimalnim uvjetima za pru\u017eanje socijalnih usluga (NN br. 40\/14, 66\/15) Pravilnik o vo\u0111enju evidencije i dokumentacije pru\u017eatelja socijalnih usluga te na\u010dinu i rokovima za dostavu izvje\u0161\u0107a (NN br. 47\/02, 57\/11, 33\/12,&hellip;<\/p>\n","protected":false},"author":1,"featured_media":0,"parent":96,"menu_order":53,"comment_status":"closed","ping_status":"closed","template":"","meta":{"_monsterinsights_skip_tracking":false,"_monsterinsights_sitenote_active":false,"_monsterinsights_sitenote_note":"","_monsterinsights_sitenote_category":0,"ngg_post_thumbnail":0,"footnotes":""},"aioseo_notices":[],"_links":{"self":[{"href":"https:\/\/dom-glina.hr\/index.php?rest_route=\/wp\/v2\/pages\/1888"}],"collection":[{"href":"https:\/\/dom-glina.hr\/index.php?rest_route=\/wp\/v2\/pages"}],"about":[{"href":"https:\/\/dom-glina.hr\/index.php?rest_route=\/wp\/v2\/types\/page"}],"author":[{"embeddable":true,"href":"https:\/\/dom-glina.hr\/index.php?rest_route=\/wp\/v2\/users\/1"}],"replies":[{"embeddable":true,"href":"https:\/\/dom-glina.hr\/index.php?rest_route=%2Fwp%2Fv2%2Fcomments&post=1888"}],"version-history":[{"count":22,"href":"https:\/\/dom-glina.hr\/index.php?rest_route=\/wp\/v2\/pages\/1888\/revisions"}],"predecessor-version":[{"id":7834,"href":"https:\/\/dom-glina.hr\/index.php?rest_route=\/wp\/v2\/pages\/1888\/revisions\/7834"}],"up":[{"embeddable":true,"href":"https:\/\/dom-glina.hr\/index.php?rest_route=\/wp\/v2\/pages\/96"}],"wp:attachment":[{"href":"https:\/\/dom-glina.hr\/index.php?rest_route=%2Fwp%2Fv2%2Fmedia&parent=1888"}],"curies":[{"name":"wp","href":"https:\/\/api.w.org\/{rel}","templated":true}]}}