{"id":1885,"date":"2019-01-14T10:40:47","date_gmt":"2019-01-14T09:40:47","guid":{"rendered":"http:\/\/dom-glina.hr\/?page_id=1885"},"modified":"2025-09-17T08:36:00","modified_gmt":"2025-09-17T06:36:00","slug":"cjenik-usluga","status":"publish","type":"page","link":"https:\/\/dom-glina.hr\/?page_id=1885","title":{"rendered":"Cjenik usluga"},"content":{"rendered":"<p>CIJENE USLUGA U DOMU ZA STARIJE OSOBE GLINA<\/p>\n<table width=\"626\">\n<tbody>\n<tr>\n<td width=\"217\"><strong>VRSTA SMJE\u0160TAJA<\/strong><\/td>\n<td width=\"113\"><strong>1. STUPANJ<\/strong><\/td>\n<td width=\"113\"><strong>2. STUPANJ<\/strong><\/td>\n<td width=\"92\"><strong>3. STUPANJ<\/strong><\/td>\n<td colspan=\"2\" width=\"90\"><strong>4. STUPANJ<\/strong><\/td>\n<\/tr>\n<tr>\n<td width=\"217\">Jednokrevetna soba<\/td>\n<td width=\"113\">870,00 \u20ac<\/td>\n<td width=\"113\">998,00 \u20ac<\/td>\n<td width=\"92\">1098,00 \u20ac<\/td>\n<td colspan=\"2\" width=\"90\">1.333,00 \u20ac<\/td>\n<\/tr>\n<tr>\n<td width=\"217\">Dvokrevetna soba<\/td>\n<td width=\"113\">800,00 \u20ac<\/td>\n<td width=\"113\">938,00 \u20ac<\/td>\n<td width=\"92\">1038,00 \u20ac<\/td>\n<td colspan=\"2\" width=\"90\">1.263,00 \u20ac<\/td>\n<\/tr>\n<tr>\n<td width=\"217\">Trokrevetna soba<\/td>\n<td width=\"113\">780,00 \u20ac<\/td>\n<td width=\"113\">908,00 \u20ac<\/td>\n<td width=\"92\">1018,00 \u20ac<\/td>\n<td colspan=\"2\" width=\"90\">&#8211;<\/td>\n<\/tr>\n<tr>\n<td colspan=\"6\" width=\"626\"><strong>DODATAK NA VRSTU SMJE\u0160TAJA<\/strong><\/td>\n<\/tr>\n<tr>\n<td colspan=\"5\" width=\"538\">Kupaonica<\/td>\n<td width=\"88\">30,00 \u20ac<\/td>\n<\/tr>\n<tr>\n<td colspan=\"5\" width=\"538\">Kuhinja (apartman)<\/td>\n<td width=\"88\">35,00 \u20ac &nbsp;<\/td>\n<\/tr>\n<tr>\n<td colspan=\"5\" width=\"538\">Posebna prehrana (dijetalna) -po danu<\/td>\n<td width=\"88\">1,00 \u20ac<\/td>\n<\/tr>\n<tr>\n<td colspan=\"5\" width=\"538\">Serviranje hrane i pi\u0107a po obroku u sobi (samo za 1. stupanj usluge)<\/td>\n<td width=\"88\">1,00 \u20ac<\/td>\n<\/tr>\n<tr>\n<td colspan=\"5\" width=\"538\">Odsutnost (umanjenje cijene po danu)&nbsp;<\/td>\n<td width=\"88\">5,00 \u20ac<\/td>\n<\/tr>\n<tr>\n<td colspan=\"5\" width=\"538\">Dodatak na el. ure\u0111aj (hladnjak) mjese\u010dno<\/td>\n<td width=\"88\">4,00 \u20ac<\/td>\n<\/tr>\n<tr>\n<td colspan=\"6\" width=\"626\"><strong>IZVANINSTITUCIJSKE USLUGE<\/strong><\/td>\n<\/tr>\n<tr>\n<td colspan=\"5\" width=\"538\">Prehrana vanjskog korisnika (pomo\u0107 u ku\u0107i)- po obroku<\/td>\n<td width=\"88\">5,00 \u20ac<\/td>\n<\/tr>\n<tr>\n<td colspan=\"5\" width=\"538\">Dostava obroka vanjskom korisniku (pomo\u0107 u ku\u0107i)- po dostavi<\/td>\n<td width=\"88\">1,50 \u20ac<\/td>\n<\/tr>\n<tr>\n<td colspan=\"5\" width=\"538\">Obavljanje ku\u0107anskih poslova (pomo\u0107 u ku\u0107i)- po satu<\/td>\n<td width=\"88\">10,00 \u20ac<\/td>\n<\/tr>\n<tr>\n<td colspan=\"5\" width=\"538\">Usluga pranja i gla\u010danja za vanjske korisnike- po kg<\/td>\n<td width=\"88\">2,00 \u20ac<\/td>\n<\/tr>\n<tr>\n<td colspan=\"5\" width=\"538\">Poludnevni boravak&nbsp; (4-6 sati)<\/td>\n<td width=\"88\">100,00 \u20ac<\/td>\n<\/tr>\n<tr>\n<td colspan=\"5\" width=\"538\">Usluga prijevoza za poludnevni boravak<\/td>\n<td width=\"88\">30,00 \u20ac<\/td>\n<\/tr>\n<\/tbody>\n<\/table>\n<p>&nbsp;<\/p>\n<p>RA\u010cUN DOMA: PRIVREDNA BANKA ZAGREB<br \/>\nHR 76 2340 0091 1108 51106<\/p>\n<p><span style=\"text-decoration: underline; color: #3366ff;\"><em><a style=\"color: #3366ff; text-decoration: underline;\" href=\"https:\/\/dom-glina.hr\/wp-content\/uploads\/2025\/09\/CJENIK-USLUGA-2025.pdf\">CJENIK USLUGA 2025<\/a><\/em><\/span>&nbsp;(pdf)<\/p>\n","protected":false},"excerpt":{"rendered":"<p>CIJENE USLUGA U DOMU ZA STARIJE OSOBE GLINA VRSTA SMJE\u0160TAJA 1. STUPANJ 2. STUPANJ 3. STUPANJ 4. STUPANJ Jednokrevetna soba 870,00 \u20ac 998,00 \u20ac 1098,00 \u20ac 1.333,00 \u20ac Dvokrevetna soba 800,00 \u20ac 938,00 \u20ac 1038,00 \u20ac 1.263,00 \u20ac Trokrevetna soba 780,00 \u20ac 908,00 \u20ac 1018,00 \u20ac &#8211; DODATAK NA VRSTU SMJE\u0160TAJA Kupaonica 30,00 \u20ac Kuhinja&hellip;<\/p>\n","protected":false},"author":1,"featured_media":0,"parent":96,"menu_order":202,"comment_status":"closed","ping_status":"closed","template":"","meta":{"_monsterinsights_skip_tracking":false,"_monsterinsights_sitenote_active":false,"_monsterinsights_sitenote_note":"","_monsterinsights_sitenote_category":0,"ngg_post_thumbnail":0,"footnotes":""},"aioseo_notices":[],"_links":{"self":[{"href":"https:\/\/dom-glina.hr\/index.php?rest_route=\/wp\/v2\/pages\/1885"}],"collection":[{"href":"https:\/\/dom-glina.hr\/index.php?rest_route=\/wp\/v2\/pages"}],"about":[{"href":"https:\/\/dom-glina.hr\/index.php?rest_route=\/wp\/v2\/types\/page"}],"author":[{"embeddable":true,"href":"https:\/\/dom-glina.hr\/index.php?rest_route=\/wp\/v2\/users\/1"}],"replies":[{"embeddable":true,"href":"https:\/\/dom-glina.hr\/index.php?rest_route=%2Fwp%2Fv2%2Fcomments&post=1885"}],"version-history":[{"count":13,"href":"https:\/\/dom-glina.hr\/index.php?rest_route=\/wp\/v2\/pages\/1885\/revisions"}],"predecessor-version":[{"id":7562,"href":"https:\/\/dom-glina.hr\/index.php?rest_route=\/wp\/v2\/pages\/1885\/revisions\/7562"}],"up":[{"embeddable":true,"href":"https:\/\/dom-glina.hr\/index.php?rest_route=\/wp\/v2\/pages\/96"}],"wp:attachment":[{"href":"https:\/\/dom-glina.hr\/index.php?rest_route=%2Fwp%2Fv2%2Fmedia&parent=1885"}],"curies":[{"name":"wp","href":"https:\/\/api.w.org\/{rel}","templated":true}]}}