{"id":1092,"date":"2018-07-25T16:15:16","date_gmt":"2018-07-25T14:15:16","guid":{"rendered":"http:\/\/dom-glina.hr\/?page_id=1092"},"modified":"2018-07-25T16:26:33","modified_gmt":"2018-07-25T14:26:33","slug":"poziv-za-donacije","status":"publish","type":"page","link":"https:\/\/dom-glina.hr\/?page_id=1092","title":{"rendered":"Poziv za donacije"},"content":{"rendered":"<p><strong>Pozivamo Vas da svojom donacijom doprinesete kvaliteti \u017eivota starijih i nemo\u0107nih osoba smje\u0161tenih u na\u0161em Domu. <\/strong><\/p>\n<p>Svaka donacija bez obzira na iznos je zna\u010dajna i slu\u017eiti \u0107e za pobolj\u0161anje usluga koje se pru\u017eaju u Domu.<\/p>\n<p>U slu\u010daju da imate dodatnih pitanja slobodno nas kontaktirajte na telefon 044\/551-001. Unaprijed Vam se najljep\u0161e zahvaljujemo!<\/p>\n<p><em><strong>Potrebni podaci za uplatu donacije:<\/strong><\/em><\/p>\n<p>Naziv primatelja: Dom za starije osobe Glina<br \/>\nAdresa primatelja: Trg hrvatskih branitelja 2, 44 400 Glina<br \/>\nIBAN ili broj ra\u010duna primatelja:<br \/>\nHR7623400091110851106<br \/>\nModel: HR00<br \/>\nBanka: Privredna banka Zagreb<\/p>\n<p>&nbsp;<\/p>\n","protected":false},"excerpt":{"rendered":"<p>Pozivamo Vas da svojom donacijom doprinesete kvaliteti \u017eivota starijih i nemo\u0107nih osoba smje\u0161tenih u na\u0161em Domu. Svaka donacija bez obzira na iznos je zna\u010dajna i slu\u017eiti \u0107e za pobolj\u0161anje usluga koje se pru\u017eaju u Domu. U slu\u010daju da imate dodatnih pitanja slobodno nas kontaktirajte na telefon 044\/551-001. Unaprijed Vam se najljep\u0161e zahvaljujemo! Potrebni podaci za&hellip;<\/p>\n","protected":false},"author":1,"featured_media":0,"parent":0,"menu_order":10001,"comment_status":"closed","ping_status":"closed","template":"","meta":{"_monsterinsights_skip_tracking":false,"_monsterinsights_sitenote_active":false,"_monsterinsights_sitenote_note":"","_monsterinsights_sitenote_category":0,"ngg_post_thumbnail":0,"footnotes":""},"aioseo_notices":[],"_links":{"self":[{"href":"https:\/\/dom-glina.hr\/index.php?rest_route=\/wp\/v2\/pages\/1092"}],"collection":[{"href":"https:\/\/dom-glina.hr\/index.php?rest_route=\/wp\/v2\/pages"}],"about":[{"href":"https:\/\/dom-glina.hr\/index.php?rest_route=\/wp\/v2\/types\/page"}],"author":[{"embeddable":true,"href":"https:\/\/dom-glina.hr\/index.php?rest_route=\/wp\/v2\/users\/1"}],"replies":[{"embeddable":true,"href":"https:\/\/dom-glina.hr\/index.php?rest_route=%2Fwp%2Fv2%2Fcomments&post=1092"}],"version-history":[{"count":3,"href":"https:\/\/dom-glina.hr\/index.php?rest_route=\/wp\/v2\/pages\/1092\/revisions"}],"predecessor-version":[{"id":1095,"href":"https:\/\/dom-glina.hr\/index.php?rest_route=\/wp\/v2\/pages\/1092\/revisions\/1095"}],"wp:attachment":[{"href":"https:\/\/dom-glina.hr\/index.php?rest_route=%2Fwp%2Fv2%2Fmedia&parent=1092"}],"curies":[{"name":"wp","href":"https:\/\/api.w.org\/{rel}","templated":true}]}}